 = -3*l - 25. Suppose 5*w - 168 + 178 = 0. List the prime factors of 21/6*(w - l).
3, 7
Let o(z) be the second derivative of z**5/20 - z**4/2 + z**3/3 - 7*z**2/2 - 2*z. Let s be o(6). Let v = -1 + s. List the prime factors of v.
2
Let i = -62 + 51. List the prime factors of 87/2 - ((-132)/(-8))/i.
3, 5
Let j = 1322 + -263. List the prime factors of j.
3, 353
Suppose 3*m = -2*d - 2*m + 11, 0 = -2*d - 3*m + 9. Suppose d*u = -0*u + 24. What are the prime factors of u?
2
Suppose 6*j = j. Suppose -3*b + j + 28 = l, -3*b = -5*l - 58. Let t = 42 - b. What are the prime factors of t?
31
Let a = 856 - -127. List the prime factors of a.
983
Suppose -2*w + 4*w = -2, 23 = 4*b + 5*w. Suppose -g - 1026 = -b*g. What are the prime factors of g?
3, 19
List the prime factors of ((-456)/20)/(45/(-150)).
2, 19
Suppose -2*l = 4*l. Suppose -2*t + 0 + 12 = l. List the prime factors of (2/t)/(5/585).
3, 13
Suppose -4*p + 776 = 4*n, -4*p + n + 800 = -n. What are the prime factors of (-1 - (4 - 2))/((-6)/p)?
3, 11
Suppose -4*j + j = 207. Let t = j - -133. What are the prime factors of t?
2
List the prime factors of (2/5)/(9 - (-3238)/(-360)).
2, 3
Suppose -4*i + 4*j = -9224, -3*j = 31*i - 30*i - 2290. What are the prime factors of i?
2, 1151
Let t be 0 + 0 - (-97 - 2). Let r be t/12 + (-4)/16. Let n(q) = 2*q**2 - 12*q. What are the prime factors of n(r)?
2
Let h(b) = b**2 + 15*b + 19. Let o be h(-14). Suppose o*c = -18 + 3. Let z = 1 - c. What are the prime factors of z?
2
Suppose 0 = -f - k - 10, -2 = -f + 2*f - 3*k. What are the prime factors of 1/(-4) - 1170/f?
2, 73
Let z(r) = -5*r**2 + 12*r - 7. Let n(b) = 4*b**2 - 13*b + 7. Let a(q) = -3*n(q) - 2*z(q). What are the prime factors of a(6)?
11
Let i(r) = -51*r - 14. Let q be (55/15 + -3)*(-4 + -2). List the prime factors of i(q).
2, 5, 19
Let r(a) = 3*a**2 - 6. Let q(c) = -7*c**2 - c + 12. Let n(b) = 4*q(b) + 9*r(b). Let m be n(-6). Let i = -10 - m. List the prime factors of i.
2
Let f be 9 + 12/(-3) + -2. Let z be 36/(-27) - (-262)/f. Suppose -z + 38 = -3*d. What are the prime factors of d?
2
Let f = -273 + 138. Let h = f - -378. What are the prime factors of h?
3
Let h(n) = -n**3 - n**2 + n + 3. Let z be h(-3). Let s be ((-6)/z)/((-2)/6). Suppose 0 = -2*f - s + 17. List the prime factors of f.
2
Suppose 0 = 140*u - 151*u + 5313. What are the prime factors of u?
3, 7, 23
Let k(h) = -47*h - 2. Suppose 2*q + 4*o + 16 = 0, -4*q - 4*o - 18 = 2. List the prime factors of k(q).
2, 23
Suppose -2*p + 0*p + 3*b = 501, 0 = 4*b + 4. Let k = -174 - p. What are the prime factors of k?
2, 3, 13
Suppose 2*o = 5*o - 657. Let v = -102 - -324. Suppose -7*z + o = -v. What are the prime factors of z?
3, 7
Let b(k) = k**2 - 3*k + 36. Suppose 36 = -3*j + 6*j. List the prime factors of b(j).
2, 3
Suppose -2*a = -13 - 3. Suppose a*k - 6*k = 0. Suppose 3*q + 2*n - 67 = k, 0 = 3*n + 10 + 2. What are the prime factors of q?
5
Let h(g) = -g - 14. Let p be h(-12). Let j(v) = -50*v - 4. What are the prime factors of j(p)?
2, 3
Let y(u) = 6*u + 191. What are the prime factors of y(-7)?
149
Suppose 6*r - 2698 = 308. List the prime factors of r.
3, 167
Suppose 7164 = 41*i - 1036. List the prime factors of i.
2, 5
Let l(j) = -14*j + 187. What are the prime factors of l(12)?
19
Suppose 5969 - 1619 = 3*f. Suppose 5*m - w = f, -5*m + w + 1470 = 4*w. What are the prime factors of 4/(-16) + m/12?
2, 3
Let m(j) = 25*j**2 + 5*j + 9. List the prime factors of m(-3).
3, 73
Let w be -1 + 0 - (-258)/(-3). Let d = w + 166. What are the prime factors of d?
79
Let g(t) = -t**3 + 8*t**2 + 2*t + 11. List the prime factors of g(6).
5, 19
Suppose -5*k + 854 = -u, -131 = -5*k + 5*u + 739. Suppose 4*b = -b + k. Suppose -2*q - n = -61, 2*q + 3*n + b = 3*q. What are the prime factors of q?
31
Let f be (6 - 2 - 3) + 2. Suppose 0 = -4*t + f*p + 95, 5*t - p - 85 = t. What are the prime factors of t?
2, 5
Let o = 33 - 26. Let x(a) = 2*a - 9. Let p be x(o). Let d(r) = -r**3 + 7*r**2 - r - 6. What are the prime factors of d(p)?
3, 13
Let c(s) = 22*s**2 - 46*s + 558. What are the prime factors of c(11)?
2, 23, 59
Let p = 51 + -30. Let i be (-1313)/7 + 12/p. What are the prime factors of (-6)/(-27) - i/9?
3, 7
Suppose -2*x - 10 = 6. Let n be (-6)/x - (-14)/(-8). List the prime factors of -3 + 74*n/(-2).
2, 17
Suppose 0 = 20*q - 17*q - 3. Let l(z) = 3*z. Let v be l(q). Suppose 9 - 36 = -v*u. List the prime factors of u.
3
Let p(j) = 7*j - 20. Let m(k) = k + 9. Let v be m(-3). What are the prime factors of p(v)?
2, 11
Suppose -9883 = -4*n - r, n - 6*r = -3*r + 2487. What are the prime factors of n?
2, 3, 103
Suppose 128*x = 127*x + 905. What are the prime factors of x?
5, 181
Let u(l) = l**2 - 7*l - 15. Let p be u(-10). Let b = p - 71. What are the prime factors of b?
2, 3, 7
Let q(c) = 2*c. Suppose -4*t - 6 = t + 4*o, 3*o = 2*t - 16. Let a be q(t). What are the prime factors of (-460)/(-8) + (-2)/a?
3, 19
Let v = 0 + 4. Suppose 1 = b - v. What are the prime factors of (5 + b)*(2 - 1)?
2, 5
Let t be (-8)/6*(-10 + 7). Suppose -14 = 5*b + 5*s - 184, -t*s - 20 = 0. List the prime factors of b.
3, 13
Let g be -1 - (-1 - -1)/4. What are the prime factors of 3*(g + 0) - -16?
13
Let h(d) = d**2 - 11*d - 14. Suppose -4 = t - 3*v, -3*t = 2*t + 3*v - 16. Suppose -t*g + 41 = 3*f, -3*f + 42 = 4*g - 1. What are the prime factors of h(f)?
2, 3
Let b(l) = l - 7. Let t be b(9). Let z(i) = t*i - 1 - 3 + 4*i**2 + 4*i**2 + 3. List the prime factors of z(-2).
3
Let g = 4439 + -3019. What are the prime factors of g?
2, 5, 71
Let s(a) = 8*a**2 - 5*a**2 + 5*a + 13*a**2 - 11 + 20. What are the prime factors of s(-2)?
3, 7
Let g = -115 - -118. Suppose -a = -3*c + c + 91, -4*c + 167 = g*a. List the prime factors of c.
2, 11
Let x(f) = 93*f**2 - 2*f - 3. Let n(g) = -g**2 + g + 1. Let i(m) = 5*n(m) + x(m). What are the prime factors of i(-1)?
3, 29
Let h be 350/(-45) + (-2)/9. Let m = h - -16. Suppose t - 7 = m. List the prime factors of t.
3, 5
Suppose 0 = 59*z - 0*z - 295. Suppose 2 - 14 = -3*a + 4*u, 0 = 3*u. Suppose -8 = -v + z*v, a*j = -2*v + 104. What are the prime factors of j?
3
Let r(z) = 8 - 7*z + 4*z**2 + 9*z - 2 + 3*z. List the prime factors of r(-4).
2, 5
Let g(d) = -2*d + 6. Let v be g(2). Suppose -2*n + 651 = -3*p, v*p + 974 = n + 2*n. Suppose n = 5*u + 2*y, 89 = 2*u - 5*y - 29. List the prime factors of u.
2
Suppose -5*z = n - 3*z + 138, -4*n - 566 = z. Let i = -91 - n. What are the prime factors of i?
3, 17
What are the prime factors of (24/9)/(13/((-2574)/(-12)))?
2, 11
What are the prime factors of ((-2)/(-1) + -7063 + 7)/(-2)?
3527
Let u be 3/1 + (-4)/(4/15). What are the prime factors of (202/(-6))/(4/u)?
101
Let m(x) = -5*x**3 + 11*x**3 + 4*x**3 - 1. Let q be m(1). Let b = 14 - q. What are the prime factors of b?
5
What are the prime factors of ((-11580)/16)/(-3) - 1/4?
241
Suppose -25 = 5*o, -w - 230 = -4*w + o. Let q = w - 60. What are the prime factors of q?
3, 5
Let f(m) = -23*m + 53 - 109 + 57. Let v be f(-1). Suppose -v*r - 268 = -28*r. What are the prime factors of r?
67
Suppose -15*q + 48*q = 42108. List the prime factors of q.
2, 11, 29
List the prime factors of ((-24)/32)/3*(-5812 + 0).
1453
Suppose -4*c + 20 = 0, -3*t + c + 4*c = -15050. List the prime factors of t.
3, 5, 67
Let j(g) be the first derivative of 3*g**4/4 + g**3/3 - 3*g**2/2 - 8*g + 7. Let t(q) be the first derivative of j(q). List the prime factors of t(2).
37
Let q(w) = -3*w**3 - w**2. Let b be q(-2). Suppose 0*g = -5*g + b. Suppose -2*v - 8 + 0 = 0, -2*s + g*v + 20 = 0. List the prime factors of s.
2
Let d(l) = l**2 + 5. Let w be d(-4). Let b be (-2)/(-7) - (-57)/w. Suppose b*n - 14 = -2*r, -2*r - 3*n + 14 = -2*n. What are the prime factors of r?
7
Suppose -6*k - 25 + 1 = 0. Let j = 91 + k. What are the prime factors of j?
3, 29
Let k = 517 - -250. List the prime factors of k.
13, 59
Let q(b) = 368*b**3 + 16*b**2 - 24*b - 3. List the prime factors of q(2).
2957
Let m be ((-3 + 4)*43)/1. Suppose 0 = 4*j - 479 + m. Let n = j + -71. What are the prime factors of n?
2, 19
Let c(b) = b**3 - 8*b**2 + 7*b - 8. Let g be c(7). Let f = g + -12. What are the prime factors of (-392)/f - 6/10?
19
Suppose 16 = -3*b - 8. Let h(k) = -3*k - 4. Let p be h(b). Suppose q = p + 5. List the prime factors of q.
5
Suppose 9*z 